-2)/(-4))/(c/6). What is the remainder when (j/2)/(1/84) is divided by 11?
9
Let k be 0/(1 + (2 - 4)). Suppose 8*j - 5*j - 135 = k. Calculate the remainder when j is divided by 17.
11
Let z(b) be the second derivative of 2*b**3/3 + 5*b. Let k be z(1). Suppose -i - 60 = -k*i. What is the remainder when 58 is divided by i?
18
Suppose 0 = t + 5*u - 49, t + u = 6*t - 375. Suppose -4*z - 4*p + 120 = 0, 2*z - t = -z + 5*p. What is the remainder when 79 is divided by z?
23
Let n be (1 + 5)*(-4)/(-6). What is the remainder when (-30)/n*42/(-5) is divided by 0/2 - (-8 - 5)?
11
Let d(j) = j**2 - 3*j + 4. Let g be d(2). Suppose g = -5*v + 7. Calculate the remainder when 70 is divided by 17 + -1 - v*-2.
16
Let n(w) = 2*w**2 + 2*w + 3. Suppose -u + 57 = -2*u + 5*o, 3*u = -3*o - 225. Let h = u - -88. What is the remainder when n(5) is divided by h?
15
Let o = -63 + 106. Let a(w) = 15 + 9*w - 4*w - 3*w. Calculate the remainder when o is divided by a(0).
13
Suppose 4*t + 126 = 2*d, -5*d + t = -4*d - 60. Suppose 2*o - 10 = 4*o. What is the remainder when d is divided by (-5)/(10/6)*o?
12
Let l = 169 - 102. Let j = -16 + l. What is the remainder when j is divided by 14?
9
Let d = -764 + 774. Suppose -2*l + 94 = -0*l - 4*p, 5*p = l - 47. What is the remainder when l is divided by d?
7
Suppose 2*m = -b, 3*b + 4*m = 2*b. Suppose b = 3*r + o + 25, r + 6*o - 3*o = -3. Let i = 22 + r. What is the remainder when 49 is divided by i?
10
Let h(d) = d**3 + 6*d**2 - 9*d. Suppose -6*r = -0*r - 72. Calculate the remainder when h(-7) is divided by 3/(-18) - (-50)/r.
2
Let u = -677 + 900. What is the remainder when u is divided by 78?
67
Let j(z) be the third derivative of -z**5/60 + 13*z**4/24 - 5*z**3/3 - 5*z**2. Let b be j(9). Let q = -10 + b. What is the remainder when 63 is divided by q?
15
Suppose -4*o + o + 12 = 0. Suppose -2 = -12*f + 34. Calculate the remainder when o is divided by f.
1
Suppose -3*p + 5*v + 90 = 0, 5*p + 0*v - 3*v - 150 = 0. What is the remainder when 295 is divided by p?
25
Let l = 248 - 232. What is the remainder when l is divided by 13?
3
Suppose -5*s + 37 + 23 = 0. Calculate the remainder when 55 is divided by s.
7
Let n = 7 - 0. Suppose -6 = n*i - 13*i. Calculate the remainder when 2 is divided by i.
0
Suppose 0 = 4*l - t + 4*t - 39, 21 = 2*l + 3*t. What is the remainder when (-12)/(-18)*l*1 is divided by (-68)/(-18) + (-4)/(-18)?
2
Suppose -3*f + 0*f = -5*x - 1, 2 = 2*x. Suppose d + 16 = f*h - d, -h + 16 = d. Calculate the remainder when 23 is divided by h.
11
Let f = 71 - 59. What is the remainder when 91 is divided by f?
7
Let k(l) = -27*l + 14*l - 22 - 15*l + l**2 - 1. What is the remainder when 69 is divided by k(30)?
32
Let j = 24 - 15. Suppose 0 = 3*i - k - 32, k + j = i - k. Calculate the remainder when 19 is divided by i.
8
Let k(s) = 91*s + 33. Calculate the remainder when 166 is divided by k(0).
1
Let s = 905 - 630. Calculate the remainder when s is divided by 69.
68
Let w(t) = t - 1. Let l(j) = 3*j - 4. Let k(s) = l(s) - 4*w(s). Suppose 8 = 4*f - 72. Calculate the remainder when f is divided by k(-7).
6
Suppose -53*w + 371 = -1643. Let n = 2 - -18. What is the remainder when w is divided by n?
18
Suppose -7*c = 11*c - 54. What is the remainder when 28 is divided by c?
1
Let l(p) = p**2 - 3*p - 8. Let x be (4 + (-1)/(1/4))/(-2). Suppose 10*v - 244 + 84 = x. Calculate the remainder when l(-6) is divided by v.
14
Suppose 2*c = r + 14, -c - 5*r + 4*r = -10. Let m(f) = f**3 - 3*f**2 - 6*f + 1. What is the remainder when m(5) is divided by c?
5
Let i be (10/(-8))/(1/4). Let g = i + 6. Suppose 5*y - 12 - 14 = -4*r, 0 = 5*y - r - 6. Calculate the remainder when y is divided by g.
0
Let m be (4/12)/(5/30). Let h(t) = 52*t**3 - 3*t**2 + 3*t. Let p be h(m). Suppose 3*z - p = -2*z. What is the remainder when z is divided by 21?
19
Let s(o) = 3*o + 16. Let y be s(-5). Calculate the remainder when 74 is divided by (y/(-1))/(-6) + 390/36.
8
Let y(a) = 5*a - 2. Let z = 29 - 20. Let h be y(z). What is the remainder when (-1)/3*(-2 - h) is divided by 6?
3
Let w(v) = -5*v. Let j = -37 + 27. What is the remainder when w(-3) is divided by (22/j - -1)/(126/(-840))?
7
Suppose -15*v = 4*v - 1482. Let l(p) = 2*p**2 - 5. What is the remainder when v is divided by l(4)?
24
Suppose -21*l - 811 + 1462 = 0. Calculate the remainder when 127 is divided by l.
3
Let y = 120 - 94. Let c = 12 - 6. What is the remainder when y is divided by c?
2
Let h(k) = k**3 + 6*k**2 + 9*k + 57. What is the remainder when 256 is divided by h(-5)?
34
Suppose 8*f - 282 + 26 = 0. Calculate the remainder when 1277 is divided by f.
29
Suppose -5*x + 9*x + 5*t + 52 = 0, 13 = -x - 4*t. Let d(s) = s**3 + 12*s**2 - 12*s + 28. Calculate the remainder when d(x) is divided by 4.
3
Let p(s) = s + 91. What is the remainder when p(10) is divided by 32?
5
Let s be (-2428)/(-16)*(-16)/(-4). Suppose -s = -5*l - 197. Calculate the remainder when l is divided by 28.
26
Let x(v) = 6*v - 17. Let l be x(9). Let m = 67 - l. What is the remainder when m is divided by 16?
14
What is the remainder when (459/1)/3 + 8/2 is divided by 16?
13
Let c(a) = -a**3 - 11*a**2 - 10*a + 7. Calculate the remainder when c(-10) is divided by 1.
0
Let a = -133 - -227. What is the remainder when a is divided by 61?
33
Let d be 1951/9 - 2/27*-3. Suppose -8*q = -135 - d. What is the remainder when q is divided by 12?
8
Suppose 4*x + 131 = 3*l, 2*l + 2 + 74 = -2*x. Suppose -7*f = -0*f - 7. What is the remainder when (-3*f)/(5/x) is divided by 12?
9
Suppose 0 = -5*v - 136 + 201. What is the remainder when 40 is divided by v?
1
Suppose -5*g + 3*h = 13, -11 = -g + h + 3*h. Let v = g - -12. What is the remainder when 11 is divided by v?
4
Suppose 229 = -2*a + 263. Calculate the remainder when 43 is divided by a.
9
Let v(y) = -3*y**3 - 3*y**2 + y - 16. Calculate the remainder when v(-4) is divided by 51.
22
Let r(t) = 5*t - 4. Suppose -x + 4 = -4. Let v be r(x). Let q = 50 - v. Calculate the remainder when 67 is divided by q.
11
Suppose 4*m = m + 9. Suppose m*y = -y - 480. Let i = 174 + y. Calculate the remainder when i is divided by 19.
16
What is the remainder when (2/(8/(-94)))/((-12)/24) is divided by 8?
7
Let y = 204 - 74. Calculate the remainder when y is divided by 19.
16
Let z = 25 - 23. Suppose -2*a - p + 10 = z*a, -17 = -3*a + 4*p. Calculate the remainder when 5 is divided by a.
2
Let v(z) = -4*z**2 - 40*z + 11. Let t = 6 - -10. Calculate the remainder when v(-9) is divided by t.
15
Calculate the remainder when (1 - 970/(-6))/(46/69) is divided by 70.
34
Let a(p) = 3*p. Let k = -19 + 23. Suppose 0 = -4*g - k*u, -2*g = 3*g + 2*u - 9. What is the remainder when 13 is divided by a(g)?
4
Suppose -2*t = 10, -2*a - 16 = 8*t - 4*t. Let y(l) = -75*l - 2. Let i be y(a). Calculate the remainder when (i/95)/((-2)/50) is divided by 14.
12
Let q = -9 - -21. Suppose q*w - 8*w = 52. Let l = 25 - w. Calculate the remainder when 35 is divided by l.
11
Suppose -2*f + 5*z - 16 = z, 4*z = 3*f + 28. Let h(k) = -k**2 - 16*k - 30. What is the remainder when ((-20)/3)/(2/(-21)) is divided by h(f)?
16
Let a(h) = 3*h + 72. Calculate the remainder when a(14) is divided by 58.
56
Let f(l) = 2*l**2 + 7*l + 8. Calculate the remainder when f(-10) is divided by 73.
65
Let o(s) = 108*s - 50. What is the remainder when o(1) is divided by 23?
12
Let b(g) = -22*g**2 + 4. Let i(l) = -22*l**2 + 5. Let d(j) = -3*b(j) + 2*i(j). Calculate the remainder when 34 is divided by d(-1).
14
Suppose 547*m = 539*m + 192. What is the remainder when 152 is divided by m?
8
Suppose 3*z = 5*m - 5 - 75, 0 = m - 3*z - 28. What is the remainder when 218 is divided by m?
10
Suppose 4*w + 110 = 8*i - 6*i, -3*i + 149 = -2*w. Calculate the remainder when (-1 - -1) + 35*4 is divided by i.
46
Let b = 41 + -32. Suppose b*r + 250 = 1042. Calculate the remainder when r is divided by 30.
28
Suppose 14*v - 11*v = -273. What is the remainder when 72 is divided by (1 - (-33)/(-39)) + (-1715)/v?
15
Let d(x) = x**2 + 2*x - 7. Let k = -149 + 151. Suppose -5*i + 75 = -5*q, 5*i + k*q - 67 = 5*q. What is the remainder when d(-6) is divided by i?
6
Let j be (-2)/(-3)*(10 - 4). Let v(k) = k**3 - 7*k**2 - 2*k - 6. Let i be v(7). What is the remainder when 55 is divided by 59/j + 15/i?
13
Suppose c = 